{"id":1384,"date":"2018-07-27T06:49:08","date_gmt":"2018-07-27T06:49:08","guid":{"rendered":"http:\/\/demo.ovathemes.com\/ireca\/?page_id=1384"},"modified":"2020-01-21T12:51:06","modified_gmt":"2020-01-21T09:51:06","slug":"about","status":"publish","type":"page","link":"https:\/\/troykaoto.com.tr\/index.php\/about\/","title":{"rendered":"Hakk\u0131m\u0131zda"},"content":{"rendered":"\t\t<div data-elementor-type=\"wp-post\" data-elementor-id=\"1384\" class=\"elementor elementor-1384\">\n\t\t\t\t\t\t<div class=\"elementor-inner\">\n\t\t\t\t<div class=\"elementor-section-wrap\">\n\t\t\t\t\t\t\t\t\t<section class=\"elementor-section elementor-top-section elementor-element elementor-element-8234129 elementor-section-boxed elementor-section-height-default elementor-section-height-default\" data-id=\"8234129\" data-element_type=\"section\">\n\t\t\t\t\t\t<div class=\"elementor-container elementor-column-gap-default\">\n\t\t\t\t\t\t\t<div class=\"elementor-row\">\n\t\t\t\t\t<div class=\"elementor-column elementor-col-100 elementor-top-column elementor-element elementor-element-141b844\" data-id=\"141b844\" data-element_type=\"column\">\n\t\t\t<div class=\"elementor-column-wrap elementor-element-populated\">\n\t\t\t\t\t\t\t<div class=\"elementor-widget-wrap\">\n\t\t\t\t\t\t<div class=\"elementor-element elementor-element-94051e5 elementor-widget elementor-widget-spacer\" data-id=\"94051e5\" data-element_type=\"widget\" data-widget_type=\"spacer.default\">\n\t\t\t\t<div class=\"elementor-widget-container\">\n\t\t\t\t\t<div class=\"elementor-spacer\">\n\t\t\t<div class=\"elementor-spacer-inner\"><\/div>\n\t\t<\/div>\n\t\t\t\t<\/div>\n\t\t\t\t<\/div>\n\t\t\t\t<div class=\"elementor-element elementor-element-140d550 elementor-widget elementor-widget-image\" data-id=\"140d550\" data-element_type=\"widget\" data-widget_type=\"image.default\">\n\t\t\t\t<div class=\"elementor-widget-container\">\n\t\t\t\t\t\t\t\t<div class=\"elementor-image\">\n\t\t\t\t\t\t\t\t\t\t\t\t<img width=\"600\" height=\"90\" src=\"https:\/\/troykaoto.com.tr\/wp-content\/uploads\/2020\/01\/troyka-600x90.png\" class=\"attachment-shop_single size-shop_single\" alt=\"\" loading=\"lazy\" srcset=\"https:\/\/troykaoto.com.tr\/wp-content\/uploads\/2020\/01\/troyka-600x90.png 600w, https:\/\/troykaoto.com.tr\/wp-content\/uploads\/2020\/01\/troyka-300x45.png 300w, https:\/\/troykaoto.com.tr\/wp-content\/uploads\/2020\/01\/troyka-1024x154.png 1024w, https:\/\/troykaoto.com.tr\/wp-content\/uploads\/2020\/01\/troyka-768x116.png 768w, https:\/\/troykaoto.com.tr\/wp-content\/uploads\/2020\/01\/troyka-1536x231.png 1536w, https:\/\/troykaoto.com.tr\/wp-content\/uploads\/2020\/01\/troyka-350x53.png 350w, https:\/\/troykaoto.com.tr\/wp-content\/uploads\/2020\/01\/troyka.png 1667w\" sizes=\"(max-width: 600px) 100vw, 600px\" \/>\t\t\t\t\t\t\t\t\t\t\t\t\t\t<\/div>\n\t\t\t\t\t\t<\/div>\n\t\t\t\t<\/div>\n\t\t\t\t\t\t<\/div>\n\t\t\t\t\t<\/div>\n\t\t<\/div>\n\t\t\t\t\t\t\t\t<\/div>\n\t\t\t\t\t<\/div>\n\t\t<\/section>\n\t\t\t\t<section class=\"elementor-section elementor-top-section elementor-element elementor-element-94d9704 elementor-section-boxed elementor-section-height-default elementor-section-height-default\" data-id=\"94d9704\" data-element_type=\"section\">\n\t\t\t\t\t\t<div class=\"elementor-container elementor-column-gap-default\">\n\t\t\t\t\t\t\t<div class=\"elementor-row\">\n\t\t\t\t\t<div class=\"elementor-column elementor-col-100 elementor-top-column elementor-element elementor-element-ba6acbe\" data-id=\"ba6acbe\" data-element_type=\"column\">\n\t\t\t<div class=\"elementor-column-wrap elementor-element-populated\">\n\t\t\t\t\t\t\t<div class=\"elementor-widget-wrap\">\n\t\t\t\t\t\t<div class=\"elementor-element elementor-element-387e785 elementor-widget elementor-widget-spacer\" data-id=\"387e785\" data-element_type=\"widget\" data-widget_type=\"spacer.default\">\n\t\t\t\t<div class=\"elementor-widget-container\">\n\t\t\t\t\t<div class=\"elementor-spacer\">\n\t\t\t<div class=\"elementor-spacer-inner\"><\/div>\n\t\t<\/div>\n\t\t\t\t<\/div>\n\t\t\t\t<\/div>\n\t\t\t\t\t\t<\/div>\n\t\t\t\t\t<\/div>\n\t\t<\/div>\n\t\t\t\t\t\t\t\t<\/div>\n\t\t\t\t\t<\/div>\n\t\t<\/section>\n\t\t\t\t<section class=\"elementor-section elementor-top-section elementor-element elementor-element-ee4c150 elementor-section-boxed elementor-section-height-default elementor-section-height-default\" data-id=\"ee4c150\" data-element_type=\"section\">\n\t\t\t\t\t\t<div class=\"elementor-container elementor-column-gap-default\">\n\t\t\t\t\t\t\t<div class=\"elementor-row\">\n\t\t\t\t\t<div class=\"elementor-column elementor-col-100 elementor-top-column elementor-element elementor-element-12c3a60\" data-id=\"12c3a60\" data-element_type=\"column\">\n\t\t\t<div class=\"elementor-column-wrap elementor-element-populated\">\n\t\t\t\t\t\t\t<div class=\"elementor-widget-wrap\">\n\t\t\t\t\t\t<div class=\"elementor-element elementor-element-89f5174 elementor-widget elementor-widget-ovacrs_heading1\" data-id=\"89f5174\" data-element_type=\"widget\" data-widget_type=\"ovacrs_heading1.default\">\n\t\t\t\t<div class=\"elementor-widget-container\">\n\t\t\t<div class=\"ovacrs_heading1  style1  text-center border_yes\"><h3 class=\"title\"><span>Hakk\u0131m\u0131zda<\/span><\/h3><div class=\"desc\"><p>\u00a0 \u00a0\u00a0<\/p><\/div><\/div>\t\t<\/div>\n\t\t\t\t<\/div>\n\t\t\t\t\t\t<\/div>\n\t\t\t\t\t<\/div>\n\t\t<\/div>\n\t\t\t\t\t\t\t\t<\/div>\n\t\t\t\t\t<\/div>\n\t\t<\/section>\n\t\t\t\t<section class=\"elementor-section elementor-top-section elementor-element elementor-element-d0b2af2 elementor-section-boxed elementor-section-height-default elementor-section-height-default\" data-id=\"d0b2af2\" data-element_type=\"section\">\n\t\t\t\t\t\t<div class=\"elementor-container elementor-column-gap-default\">\n\t\t\t\t\t\t\t<div class=\"elementor-row\">\n\t\t\t\t\t<div class=\"elementor-column elementor-col-100 elementor-top-column elementor-element elementor-element-920058b\" data-id=\"920058b\" data-element_type=\"column\">\n\t\t\t<div class=\"elementor-column-wrap elementor-element-populated\">\n\t\t\t\t\t\t\t<div class=\"elementor-widget-wrap\">\n\t\t\t\t\t\t<div class=\"elementor-element elementor-element-f914db8 elementor-widget elementor-widget-text-editor\" data-id=\"f914db8\" data-element_type=\"widget\" data-widget_type=\"text-editor.default\">\n\t\t\t\t<div class=\"elementor-widget-container\">\n\t\t\t\t\t\t\t\t<div class=\"elementor-text-editor elementor-clearfix\">\n\t\t\t\t<p>Troyka Oto kurulu\u015fundaki temel prensipleri g\u00f6z \u00f6n\u00fcnde bulundurarak, gelene\u011fe \u00f6nem vererek fakat \u00e7a\u011f\u0131n \u00f6tesinde planlar\u0131 ile yenilik\u00e7i bir \u00e7izgide emin ad\u0131mlarla ilerleyerek\u00a0 temsil etti\u011fi ara\u00e7lar ve markalar\u0131n, sat\u0131\u015f ve sat\u0131\u015f sonras\u0131 hizmetlerini en y\u00fcksek kalitede sunmay\u0131 ama\u00e7land\u0131rmaktad\u0131r.<\/p>\t\t\t\t\t<\/div>\n\t\t\t\t\t\t<\/div>\n\t\t\t\t<\/div>\n\t\t\t\t\t\t<\/div>\n\t\t\t\t\t<\/div>\n\t\t<\/div>\n\t\t\t\t\t\t\t\t<\/div>\n\t\t\t\t\t<\/div>\n\t\t<\/section>\n\t\t\t\t<section class=\"elementor-section elementor-top-section elementor-element elementor-element-42951d1 elementor-section-boxed elementor-section-height-default elementor-section-height-default\" data-id=\"42951d1\" data-element_type=\"section\">\n\t\t\t\t\t\t<div class=\"elementor-container elementor-column-gap-default\">\n\t\t\t\t\t\t\t<div class=\"elementor-row\">\n\t\t\t\t\t<div class=\"elementor-column elementor-col-100 elementor-top-column elementor-element elementor-element-42b04ae\" data-id=\"42b04ae\" data-element_type=\"column\">\n\t\t\t<div class=\"elementor-column-wrap elementor-element-populated\">\n\t\t\t\t\t\t\t<div class=\"elementor-widget-wrap\">\n\t\t\t\t\t\t<div class=\"elementor-element elementor-element-7ce773a elementor-widget elementor-widget-spacer\" data-id=\"7ce773a\" data-element_type=\"widget\" data-widget_type=\"spacer.default\">\n\t\t\t\t<div class=\"elementor-widget-container\">\n\t\t\t\t\t<div class=\"elementor-spacer\">\n\t\t\t<div class=\"elementor-spacer-inner\"><\/div>\n\t\t<\/div>\n\t\t\t\t<\/div>\n\t\t\t\t<\/div>\n\t\t\t\t<div class=\"elementor-element elementor-element-d8941bb elementor-widget elementor-widget-ovacrs_heading1\" data-id=\"d8941bb\" data-element_type=\"widget\" data-widget_type=\"ovacrs_heading1.default\">\n\t\t\t\t<div class=\"elementor-widget-container\">\n\t\t\t<div class=\"ovacrs_heading1  style1  text-center border_yes\"><h3 class=\"title\"><span>Misyon<\/span><\/h3><div class=\"desc\"><p>\u00a0 \u00a0\u00a0<\/p><\/div><\/div>\t\t<\/div>\n\t\t\t\t<\/div>\n\t\t\t\t\t\t<\/div>\n\t\t\t\t\t<\/div>\n\t\t<\/div>\n\t\t\t\t\t\t\t\t<\/div>\n\t\t\t\t\t<\/div>\n\t\t<\/section>\n\t\t\t\t<section class=\"elementor-section elementor-top-section elementor-element elementor-element-c9b8f74 elementor-section-boxed elementor-section-height-default elementor-section-height-default\" data-id=\"c9b8f74\" data-element_type=\"section\">\n\t\t\t\t\t\t<div class=\"elementor-container elementor-column-gap-default\">\n\t\t\t\t\t\t\t<div class=\"elementor-row\">\n\t\t\t\t\t<div class=\"elementor-column elementor-col-100 elementor-top-column elementor-element elementor-element-687c5e5\" data-id=\"687c5e5\" data-element_type=\"column\">\n\t\t\t<div class=\"elementor-column-wrap elementor-element-populated\">\n\t\t\t\t\t\t\t<div class=\"elementor-widget-wrap\">\n\t\t\t\t\t\t<div class=\"elementor-element elementor-element-8427b44 elementor-widget elementor-widget-text-editor\" data-id=\"8427b44\" data-element_type=\"widget\" data-widget_type=\"text-editor.default\">\n\t\t\t\t<div class=\"elementor-widget-container\">\n\t\t\t\t\t\t\t\t<div class=\"elementor-text-editor elementor-clearfix\">\n\t\t\t\t<p>Troyka Oto&#8217;nun misyonu, temsil etti\u011fi binek ve ticari ara\u00e7 markalar\u0131n\u0131n, sat\u0131\u015f ve sat\u0131\u015f sonras\u0131 hizmetlerini en y\u00fcksek kalitede sunmakt\u0131r.<\/p>\t\t\t\t\t<\/div>\n\t\t\t\t\t\t<\/div>\n\t\t\t\t<\/div>\n\t\t\t\t\t\t<\/div>\n\t\t\t\t\t<\/div>\n\t\t<\/div>\n\t\t\t\t\t\t\t\t<\/div>\n\t\t\t\t\t<\/div>\n\t\t<\/section>\n\t\t\t\t<section class=\"elementor-section elementor-top-section elementor-element elementor-element-34e0f2e elementor-section-boxed elementor-section-height-default elementor-section-height-default\" data-id=\"34e0f2e\" data-element_type=\"section\">\n\t\t\t\t\t\t<div class=\"elementor-container elementor-column-gap-default\">\n\t\t\t\t\t\t\t<div class=\"elementor-row\">\n\t\t\t\t\t<div class=\"elementor-column elementor-col-100 elementor-top-column elementor-element elementor-element-3c8eb2f\" data-id=\"3c8eb2f\" data-element_type=\"column\">\n\t\t\t<div class=\"elementor-column-wrap elementor-element-populated\">\n\t\t\t\t\t\t\t<div class=\"elementor-widget-wrap\">\n\t\t\t\t\t\t<div class=\"elementor-element elementor-element-198e01f elementor-widget elementor-widget-spacer\" data-id=\"198e01f\" data-element_type=\"widget\" data-widget_type=\"spacer.default\">\n\t\t\t\t<div class=\"elementor-widget-container\">\n\t\t\t\t\t<div class=\"elementor-spacer\">\n\t\t\t<div class=\"elementor-spacer-inner\"><\/div>\n\t\t<\/div>\n\t\t\t\t<\/div>\n\t\t\t\t<\/div>\n\t\t\t\t<div class=\"elementor-element elementor-element-bc500f6 elementor-widget elementor-widget-ovacrs_heading1\" data-id=\"bc500f6\" data-element_type=\"widget\" data-widget_type=\"ovacrs_heading1.default\">\n\t\t\t\t<div class=\"elementor-widget-container\">\n\t\t\t<div class=\"ovacrs_heading1  style1  text-center border_yes\"><h3 class=\"title\"><span>Vizyon<\/span><\/h3><div class=\"desc\"><p>\u00a0 \u00a0\u00a0<\/p><\/div><\/div>\t\t<\/div>\n\t\t\t\t<\/div>\n\t\t\t\t\t\t<\/div>\n\t\t\t\t\t<\/div>\n\t\t<\/div>\n\t\t\t\t\t\t\t\t<\/div>\n\t\t\t\t\t<\/div>\n\t\t<\/section>\n\t\t\t\t<section class=\"elementor-section elementor-top-section elementor-element elementor-element-11008b0 elementor-section-boxed elementor-section-height-default elementor-section-height-default\" data-id=\"11008b0\" data-element_type=\"section\">\n\t\t\t\t\t\t<div class=\"elementor-container elementor-column-gap-default\">\n\t\t\t\t\t\t\t<div class=\"elementor-row\">\n\t\t\t\t\t<div class=\"elementor-column elementor-col-100 elementor-top-column elementor-element elementor-element-a5c92e9\" data-id=\"a5c92e9\" data-element_type=\"column\">\n\t\t\t<div class=\"elementor-column-wrap elementor-element-populated\">\n\t\t\t\t\t\t\t<div class=\"elementor-widget-wrap\">\n\t\t\t\t\t\t<div class=\"elementor-element elementor-element-285fa93 elementor-widget elementor-widget-text-editor\" data-id=\"285fa93\" data-element_type=\"widget\" data-widget_type=\"text-editor.default\">\n\t\t\t\t<div class=\"elementor-widget-container\">\n\t\t\t\t\t\t\t\t<div class=\"elementor-text-editor elementor-clearfix\">\n\t\t\t\t<p>Troyka Oto&#8217;nun vizyonu, Beklentilerin \u00fczerinde yarat\u0131c\u0131 hizmet sunmakt\u0131r.<\/p>\t\t\t\t\t<\/div>\n\t\t\t\t\t\t<\/div>\n\t\t\t\t<\/div>\n\t\t\t\t<div class=\"elementor-element elementor-element-df41400 elementor-widget elementor-widget-spacer\" data-id=\"df41400\" data-element_type=\"widget\" data-widget_type=\"spacer.default\">\n\t\t\t\t<div class=\"elementor-widget-container\">\n\t\t\t\t\t<div class=\"elementor-spacer\">\n\t\t\t<div class=\"elementor-spacer-inner\"><\/div>\n\t\t<\/div>\n\t\t\t\t<\/div>\n\t\t\t\t<\/div>\n\t\t\t\t\t\t<\/div>\n\t\t\t\t\t<\/div>\n\t\t<\/div>\n\t\t\t\t\t\t\t\t<\/div>\n\t\t\t\t\t<\/div>\n\t\t<\/section>\n\t\t\t\t\t\t\t\t\t<\/div>\n\t\t\t<\/div>\n\t\t\t\t\t<\/div>\n\t\t","protected":false},"excerpt":{"rendered":"<p>Hakk\u0131m\u0131zda \u00a0 \u00a0\u00a0 Troyka Oto kurulu\u015fundaki temel prensipleri g\u00f6z \u00f6n\u00fcnde bulundurarak, gelene\u011fe \u00f6nem vererek fakat \u00e7a\u011f\u0131n \u00f6tesinde planlar\u0131 ile yenilik\u00e7i bir \u00e7izgide emin ad\u0131mlarla ilerleyerek\u00a0 temsil etti\u011fi ara\u00e7lar ve markalar\u0131n, sat\u0131\u015f ve sat\u0131\u015f sonras\u0131 hizmetlerini en y\u00fcksek kalitede sunmay\u0131 ama\u00e7land\u0131rmaktad\u0131r. Misyon \u00a0 \u00a0\u00a0 Troyka Oto&#8217;nun misyonu, temsil etti\u011fi binek ve ticari ara\u00e7 markalar\u0131n\u0131n, sat\u0131\u015f ve [&hellip;]<\/p>\n","protected":false},"author":1,"featured_media":0,"parent":0,"menu_order":0,"comment_status":"closed","ping_status":"closed","template":"templates\/home.php","meta":[],"yoast_head":"<!-- This site is optimized with the Yoast SEO plugin v18.5.1 - https:\/\/yoast.com\/wordpress\/plugins\/seo\/ -->\n<title>Hakk\u0131m\u0131zda - Troyka Oto<\/title>\n<meta name=\"robots\" content=\"index, follow, max-snippet:-1, max-image-preview:large, max-video-preview:-1\" \/>\n<link rel=\"canonical\" href=\"https:\/\/troykaoto.com.tr\/index.php\/about\/\" \/>\n<meta property=\"og:locale\" content=\"tr_TR\" \/>\n<meta property=\"og:type\" content=\"article\" \/>\n<meta property=\"og:title\" content=\"Hakk\u0131m\u0131zda - Troyka Oto\" \/>\n<meta property=\"og:description\" content=\"Hakk\u0131m\u0131zda \u00a0 \u00a0\u00a0 Troyka Oto kurulu\u015fundaki temel prensipleri g\u00f6z \u00f6n\u00fcnde bulundurarak, gelene\u011fe \u00f6nem vererek fakat \u00e7a\u011f\u0131n \u00f6tesinde planlar\u0131 ile yenilik\u00e7i bir \u00e7izgide emin ad\u0131mlarla ilerleyerek\u00a0 temsil etti\u011fi ara\u00e7lar ve markalar\u0131n, sat\u0131\u015f ve sat\u0131\u015f sonras\u0131 hizmetlerini en y\u00fcksek kalitede sunmay\u0131 ama\u00e7land\u0131rmaktad\u0131r. Misyon \u00a0 \u00a0\u00a0 Troyka Oto&#8217;nun misyonu, temsil etti\u011fi binek ve ticari ara\u00e7 markalar\u0131n\u0131n, sat\u0131\u015f ve [&hellip;]\" \/>\n<meta property=\"og:url\" content=\"https:\/\/troykaoto.com.tr\/index.php\/about\/\" \/>\n<meta property=\"og:site_name\" content=\"Troyka Oto\" \/>\n<meta property=\"article:modified_time\" content=\"2020-01-21T09:51:06+00:00\" \/>\n<meta property=\"og:image\" content=\"http:\/\/troykaoto.com.tr\/wp-content\/uploads\/2020\/01\/troyka-600x90.png\" \/>\n<meta name=\"twitter:card\" content=\"summary_large_image\" \/>\n<script type=\"application\/ld+json\" class=\"yoast-schema-graph\">{\"@context\":\"https:\/\/schema.org\",\"@graph\":[{\"@type\":\"WebSite\",\"@id\":\"https:\/\/troykaoto.com.tr\/#website\",\"url\":\"https:\/\/troykaoto.com.tr\/\",\"name\":\"Troyka Oto\",\"description\":\"Her Marka 2. El-S\u0131f\u0131r Ara\u00e7lar\",\"potentialAction\":[{\"@type\":\"SearchAction\",\"target\":{\"@type\":\"EntryPoint\",\"urlTemplate\":\"https:\/\/troykaoto.com.tr\/?s={search_term_string}\"},\"query-input\":\"required name=search_term_string\"}],\"inLanguage\":\"tr\"},{\"@type\":\"ImageObject\",\"@id\":\"https:\/\/troykaoto.com.tr\/index.php\/about\/#primaryimage\",\"inLanguage\":\"tr\",\"url\":\"https:\/\/troykaoto.com.tr\/wp-content\/uploads\/2020\/01\/troyka.png\",\"contentUrl\":\"https:\/\/troykaoto.com.tr\/wp-content\/uploads\/2020\/01\/troyka.png\",\"width\":1667,\"height\":251},{\"@type\":\"WebPage\",\"@id\":\"https:\/\/troykaoto.com.tr\/index.php\/about\/#webpage\",\"url\":\"https:\/\/troykaoto.com.tr\/index.php\/about\/\",\"name\":\"Hakk\u0131m\u0131zda - Troyka Oto\",\"isPartOf\":{\"@id\":\"https:\/\/troykaoto.com.tr\/#website\"},\"primaryImageOfPage\":{\"@id\":\"https:\/\/troykaoto.com.tr\/index.php\/about\/#primaryimage\"},\"datePublished\":\"2018-07-27T06:49:08+00:00\",\"dateModified\":\"2020-01-21T09:51:06+00:00\",\"breadcrumb\":{\"@id\":\"https:\/\/troykaoto.com.tr\/index.php\/about\/#breadcrumb\"},\"inLanguage\":\"tr\",\"potentialAction\":[{\"@type\":\"ReadAction\",\"target\":[\"https:\/\/troykaoto.com.tr\/index.php\/about\/\"]}]},{\"@type\":\"BreadcrumbList\",\"@id\":\"https:\/\/troykaoto.com.tr\/index.php\/about\/#breadcrumb\",\"itemListElement\":[{\"@type\":\"ListItem\",\"position\":1,\"name\":\"Ana sayfa\",\"item\":\"https:\/\/troykaoto.com.tr\/\"},{\"@type\":\"ListItem\",\"position\":2,\"name\":\"Hakk\u0131m\u0131zda\"}]}]}<\/script>\n<!-- \/ Yoast SEO plugin. -->","yoast_head_json":{"title":"Hakk\u0131m\u0131zda - Troyka Oto","robots":{"index":"index","follow":"follow","max-snippet":"max-snippet:-1","max-image-preview":"max-image-preview:large","max-video-preview":"max-video-preview:-1"},"canonical":"https:\/\/troykaoto.com.tr\/index.php\/about\/","og_locale":"tr_TR","og_type":"article","og_title":"Hakk\u0131m\u0131zda - Troyka Oto","og_description":"Hakk\u0131m\u0131zda \u00a0 \u00a0\u00a0 Troyka Oto kurulu\u015fundaki temel prensipleri g\u00f6z \u00f6n\u00fcnde bulundurarak, gelene\u011fe \u00f6nem vererek fakat \u00e7a\u011f\u0131n \u00f6tesinde planlar\u0131 ile yenilik\u00e7i bir \u00e7izgide emin ad\u0131mlarla ilerleyerek\u00a0 temsil etti\u011fi ara\u00e7lar ve markalar\u0131n, sat\u0131\u015f ve sat\u0131\u015f sonras\u0131 hizmetlerini en y\u00fcksek kalitede sunmay\u0131 ama\u00e7land\u0131rmaktad\u0131r. Misyon \u00a0 \u00a0\u00a0 Troyka Oto&#8217;nun misyonu, temsil etti\u011fi binek ve ticari ara\u00e7 markalar\u0131n\u0131n, sat\u0131\u015f ve [&hellip;]","og_url":"https:\/\/troykaoto.com.tr\/index.php\/about\/","og_site_name":"Troyka Oto","article_modified_time":"2020-01-21T09:51:06+00:00","og_image":[{"url":"http:\/\/troykaoto.com.tr\/wp-content\/uploads\/2020\/01\/troyka-600x90.png"}],"twitter_card":"summary_large_image","schema":{"@context":"https:\/\/schema.org","@graph":[{"@type":"WebSite","@id":"https:\/\/troykaoto.com.tr\/#website","url":"https:\/\/troykaoto.com.tr\/","name":"Troyka Oto","description":"Her Marka 2. El-S\u0131f\u0131r Ara\u00e7lar","potentialAction":[{"@type":"SearchAction","target":{"@type":"EntryPoint","urlTemplate":"https:\/\/troykaoto.com.tr\/?s={search_term_string}"},"query-input":"required name=search_term_string"}],"inLanguage":"tr"},{"@type":"ImageObject","@id":"https:\/\/troykaoto.com.tr\/index.php\/about\/#primaryimage","inLanguage":"tr","url":"https:\/\/troykaoto.com.tr\/wp-content\/uploads\/2020\/01\/troyka.png","contentUrl":"https:\/\/troykaoto.com.tr\/wp-content\/uploads\/2020\/01\/troyka.png","width":1667,"height":251},{"@type":"WebPage","@id":"https:\/\/troykaoto.com.tr\/index.php\/about\/#webpage","url":"https:\/\/troykaoto.com.tr\/index.php\/about\/","name":"Hakk\u0131m\u0131zda - Troyka Oto","isPartOf":{"@id":"https:\/\/troykaoto.com.tr\/#website"},"primaryImageOfPage":{"@id":"https:\/\/troykaoto.com.tr\/index.php\/about\/#primaryimage"},"datePublished":"2018-07-27T06:49:08+00:00","dateModified":"2020-01-21T09:51:06+00:00","breadcrumb":{"@id":"https:\/\/troykaoto.com.tr\/index.php\/about\/#breadcrumb"},"inLanguage":"tr","potentialAction":[{"@type":"ReadAction","target":["https:\/\/troykaoto.com.tr\/index.php\/about\/"]}]},{"@type":"BreadcrumbList","@id":"https:\/\/troykaoto.com.tr\/index.php\/about\/#breadcrumb","itemListElement":[{"@type":"ListItem","position":1,"name":"Ana sayfa","item":"https:\/\/troykaoto.com.tr\/"},{"@type":"ListItem","position":2,"name":"Hakk\u0131m\u0131zda"}]}]}},"_links":{"self":[{"href":"https:\/\/troykaoto.com.tr\/index.php\/wp-json\/wp\/v2\/pages\/1384"}],"collection":[{"href":"https:\/\/troykaoto.com.tr\/index.php\/wp-json\/wp\/v2\/pages"}],"about":[{"href":"https:\/\/troykaoto.com.tr\/index.php\/wp-json\/wp\/v2\/types\/page"}],"author":[{"embeddable":true,"href":"https:\/\/troykaoto.com.tr\/index.php\/wp-json\/wp\/v2\/users\/1"}],"replies":[{"embeddable":true,"href":"https:\/\/troykaoto.com.tr\/index.php\/wp-json\/wp\/v2\/comments?post=1384"}],"version-history":[{"count":20,"href":"https:\/\/troykaoto.com.tr\/index.php\/wp-json\/wp\/v2\/pages\/1384\/revisions"}],"predecessor-version":[{"id":3349,"href":"https:\/\/troykaoto.com.tr\/index.php\/wp-json\/wp\/v2\/pages\/1384\/revisions\/3349"}],"wp:attachment":[{"href":"https:\/\/troykaoto.com.tr\/index.php\/wp-json\/wp\/v2\/media?parent=1384"}],"curies":[{"name":"wp","href":"https:\/\/api.w.org\/{rel}","templated":true}]}}