{"id":13408,"date":"2026-04-17T08:48:02","date_gmt":"2026-04-17T05:48:02","guid":{"rendered":"https:\/\/troykaoto.com.tr\/?post_type=product&#038;p=13408"},"modified":"2026-04-17T12:11:37","modified_gmt":"2026-04-17T09:11:37","slug":"troykadan-2025-ford-courier-1-0-ecoboost-titanium-otomatik","status":"publish","type":"product","link":"https:\/\/troykaoto.com.tr\/index.php\/product\/troykadan-2025-ford-courier-1-0-ecoboost-titanium-otomatik\/","title":{"rendered":"TROYKA&#8217;DAN 2025 FORD COUR\u0130ER 1.0 ECOBOOST T\u0130TAN\u0130UM OTOMAT\u0130K"},"content":{"rendered":"<p style=\"text-align: center;\"><img src=\"https:\/\/i.hizliresim.com\/gbzL9L.jpg\" \/><\/p>\n<div>\n<div style=\"text-align: center;\">\n<div>\n<div>\n<div>\n<div>\n<div>\n<div>\n<div>\n<div>\n<div>\n<div>\n<div>\n<div>\n<div>\n<div>\n<div>\n<div>\n<div><\/div>\n<\/div>\n<\/div>\n<\/div>\n<\/div>\n<\/div>\n<\/div>\n<\/div>\n<\/div>\n<\/div>\n<div>\n<div>\n<div>\n<p><span style=\"color: #ff0000; font-family: arial black, sans-serif; font-size: large;\">2025 FORD COUR\u0130ER 1.0 ECOBOOST T\u0130TAN\u0130UM OTOMAT\u0130K<\/span><\/p>\n<div><b><span style=\"font-family: garamond, serif;\">___________________________________________<\/span><\/b><\/div>\n<div>\n<div><span style=\"font-family: garamond, serif;\"><b><u>&#8216; EKSPERT\u0130Z B\u0130LG\u0130S\u0130 &#8216;<\/u><\/b><\/span><\/div>\n<div>\n<p>&nbsp;<\/p>\n<div>\n<div><span style=\"font-family: garamond, serif;\"><b>DE\u011e\u0130\u015eEN: YOK<\/b><\/span><\/div>\n<div><span style=\"font-family: garamond, serif;\"><b>BOYA: YOK<\/b><\/span><\/div>\n<div><span style=\"font-family: garamond, serif;\"><b>TRAMER: YOK<\/b><\/span><\/div>\n<div><span style=\"font-family: garamond, serif;\"><b>___________________________________________<\/b><\/span><\/div>\n<\/div>\n<div><b><u><span style=\"color: #ff0000; font-family: garamond, serif;\">&#8216; DONANIM \u00d6ZELL\u0130KLER\u0130 &#8216;<\/span><\/u><\/b><\/div>\n<\/div>\n<div><span style=\"color: #ff0000; font-family: garamond, serif;\"><br \/>\n<\/span><\/p>\n<div><b><span style=\"color: #ff0000; font-family: garamond, serif;\">\u00a0 ANAHTARSIZ G\u0130R\u0130\u015e \u00c7IKI\u015e<\/span><\/b><\/div>\n<div><b><span style=\"color: #ff0000; font-family: garamond, serif;\">\u00a0 \u00a0 GER\u0130 G\u00d6R\u00dc\u015e KAMERASI<\/span><\/b><\/div>\n<p>&nbsp;<\/p>\n<div><b><span style=\"color: #ff0000; font-family: garamond, serif;\">\u00a0 \u00a0 \u00a0 \u00a0 \u00d6N VE ARKA PARK SENS\u00d6R\u00dc<\/span><\/b><\/div>\n<div><b><span style=\"color: #ff0000; font-family: garamond, serif;\">\u00a0 \u00a0 \u00a0 \u00c7ARPI\u015eMA \u00d6NLEY\u0130C\u0130 AS\u0130STAN<\/span><\/b><\/div>\n<div><b><span style=\"color: #ff0000; font-family: garamond, serif;\">\u00a0 \u00a0 \u00a0 K\u00d6R NOKTA AS\u0130STANI<\/span><\/b><\/div>\n<div><b><span style=\"color: #ff0000; font-family: garamond, serif;\">\u00a0 \u00a0 \u00a0 \u015eER\u0130T TAK\u0130P S\u0130STEM\u0130<\/span><\/b><\/div>\n<div><b><span style=\"color: #ff0000; font-family: garamond, serif;\">\u00a0 \u00a0 \u00a0 \u00a0TABELA OKUMA AS\u0130STANI<\/span><\/b><\/div>\n<div><b><span style=\"color: #ff0000; font-family: garamond, serif;\">\u00a0 \u00a0 KABLOSUZ \u015eARJ<\/span><\/b><\/div>\n<div><b><span style=\"color: #ff0000; font-family: garamond, serif;\">\u00a0 \u00a0 \u00a0 START STOP<\/span><\/b><\/div>\n<div><b><span style=\"color: #ff0000; font-family: garamond, serif;\">\u00a0 \u00a0 \u00a0 \u00a0 HIZ SAB\u0130TLEME<\/span><\/b><\/div>\n<div><b><span style=\"color: #ff0000; font-family: garamond, serif;\">\u00a0 \u00a0 \u00a0 \u00a0 HIZ L\u0130M\u0130TLEME\u00a0<\/span><\/b><\/div>\n<div><b><span style=\"color: #ff0000; font-family: garamond, serif;\">\u00a0 \u00a0 \u00a0 \u00a0 \u00a0 \u00a0 HAYALET G\u00d6STERGE\u00a0<\/span><\/b><\/div>\n<div><\/div>\n<\/div>\n<\/div>\n<\/div>\n<\/div>\n<\/div>\n<div><span style=\"font-family: Helvetica Neue, Helvetica, Arial, sans-serif; font-size: medium;\"><b><span style=\"font-family: garamond, serif;\">SATI\u015eLARIMIZDA KRED\u0130 KARTI GE\u00c7ERL\u0130D\u0130R<\/span><\/b><\/span><\/div>\n<div><span style=\"font-family: Helvetica Neue, Helvetica, Arial, sans-serif; font-size: medium;\"><b><span style=\"font-family: garamond, serif;\">MOTORLU KARA TA\u015eITI T\u0130CARET\u0130 YETK\u0130 BELGE NO:\u00a00600408<\/span><\/b><\/span><\/div>\n<div><span style=\"font-family: Helvetica Neue, Helvetica, Arial, sans-serif; font-size: medium;\"><b><span style=\"font-family: garamond, serif;\">YEDEK ANAHTARI VE K\u0130TAP\u00c7IKLARI MEVCUTTUR<\/span><\/b><\/span><\/div>\n<div><span style=\"font-family: Helvetica Neue, Helvetica, Arial, sans-serif; font-size: medium;\"><b>___________________________________________<\/b><\/span><\/div>\n<div><span style=\"font-family: Helvetica Neue, Helvetica, Arial, sans-serif; font-size: medium;\"><b><span style=\"color: #ff0000; font-family: garamond, serif;\">CEV\u0130ZL\u0130DERE MAH.KONYA YOLU YILDIRIM KULE<\/span><\/b><\/span><\/div>\n<div><span style=\"font-family: Helvetica Neue, Helvetica, Arial, sans-serif; font-size: medium;\"><b><span style=\"color: #ff0000; font-family: garamond, serif;\">NO: 221\/134<\/span><\/b><\/span><\/div>\n<div><span style=\"font-family: Helvetica Neue, Helvetica, Arial, sans-serif; font-size: medium;\"><b><span style=\"font-family: garamond, serif; font-size: medium;\"><span style=\"color: #ff0000;\">\u00c7ANKAYA \/ ANKARA<\/span><\/span><\/b><\/span><\/div>\n<p><span style=\"font-family: Helvetica Neue, Helvetica, Arial, sans-serif; font-size: medium;\">\u00a0<\/span><\/p>\n<\/div>\n<\/div>\n<\/div>\n<\/div>\n<\/div>\n<\/div>\n<\/div>\n<\/div>\n<\/div>\n","protected":false},"excerpt":{"rendered":"<p>2025 FORD COUR\u0130ER 1.0 ECOBOOST T\u0130TAN\u0130UM OTOMAT\u0130K ___________________________________________ &#8216; EKSPERT\u0130Z B\u0130LG\u0130S\u0130 &#8216; &nbsp; DE\u011e\u0130\u015eEN: YOK BOYA: YOK TRAMER: YOK ___________________________________________ &#8216; DONANIM \u00d6ZELL\u0130KLER\u0130 &#8216; \u00a0 ANAHTARSIZ G\u0130R\u0130\u015e \u00c7IKI\u015e \u00a0 \u00a0 GER\u0130 G\u00d6R\u00dc\u015e KAMERASI &nbsp; \u00a0 \u00a0 \u00a0 \u00a0 \u00d6N VE ARKA PARK SENS\u00d6R\u00dc \u00a0 \u00a0 \u00a0 \u00c7ARPI\u015eMA \u00d6NLEY\u0130C\u0130 AS\u0130STAN \u00a0 \u00a0 \u00a0 K\u00d6R NOKTA AS\u0130STANI [&hellip;]<\/p>\n","protected":false},"featured_media":13415,"template":"","meta":[],"product_cat":[15],"product_tag":[],"yoast_head":"<!-- This site is optimized with the Yoast SEO plugin v18.5.1 - https:\/\/yoast.com\/wordpress\/plugins\/seo\/ -->\n<title>TROYKA&#039;DAN 2025 FORD COUR\u0130ER 1.0 ECOBOOST T\u0130TAN\u0130UM OTOMAT\u0130K - Troyka Oto<\/title>\n<meta name=\"robots\" content=\"index, follow, max-snippet:-1, max-image-preview:large, max-video-preview:-1\" \/>\n<link rel=\"canonical\" href=\"https:\/\/troykaoto.com.tr\/index.php\/product\/troykadan-2025-ford-courier-1-0-ecoboost-titanium-otomatik\/\" \/>\n<meta property=\"og:locale\" content=\"tr_TR\" \/>\n<meta property=\"og:type\" content=\"article\" \/>\n<meta property=\"og:title\" content=\"TROYKA&#039;DAN 2025 FORD COUR\u0130ER 1.0 ECOBOOST T\u0130TAN\u0130UM OTOMAT\u0130K - Troyka Oto\" \/>\n<meta property=\"og:description\" content=\"2025 FORD COUR\u0130ER 1.0 ECOBOOST T\u0130TAN\u0130UM OTOMAT\u0130K ___________________________________________ &#8216; EKSPERT\u0130Z B\u0130LG\u0130S\u0130 &#8216; &nbsp; DE\u011e\u0130\u015eEN: YOK BOYA: YOK TRAMER: YOK ___________________________________________ &#8216; DONANIM \u00d6ZELL\u0130KLER\u0130 &#8216; \u00a0 ANAHTARSIZ G\u0130R\u0130\u015e \u00c7IKI\u015e \u00a0 \u00a0 GER\u0130 G\u00d6R\u00dc\u015e KAMERASI &nbsp; \u00a0 \u00a0 \u00a0 \u00a0 \u00d6N VE ARKA PARK SENS\u00d6R\u00dc \u00a0 \u00a0 \u00a0 \u00c7ARPI\u015eMA \u00d6NLEY\u0130C\u0130 AS\u0130STAN \u00a0 \u00a0 \u00a0 K\u00d6R NOKTA AS\u0130STANI [&hellip;]\" \/>\n<meta property=\"og:url\" content=\"https:\/\/troykaoto.com.tr\/index.php\/product\/troykadan-2025-ford-courier-1-0-ecoboost-titanium-otomatik\/\" \/>\n<meta property=\"og:site_name\" content=\"Troyka Oto\" \/>\n<meta property=\"article:modified_time\" content=\"2026-04-17T09:11:37+00:00\" \/>\n<meta property=\"og:image\" content=\"http:\/\/troykaoto.com.tr\/wp-content\/uploads\/2026\/01\/49c84282-4d25-428d-baa1-4594f933877a.jpg\" \/>\n\t<meta property=\"og:image:width\" content=\"2048\" \/>\n\t<meta property=\"og:image:height\" content=\"1536\" \/>\n\t<meta property=\"og:image:type\" content=\"image\/jpeg\" \/>\n<meta name=\"twitter:card\" content=\"summary_large_image\" \/>\n<meta name=\"twitter:label1\" content=\"Tahmini okuma s\u00fcresi\" \/>\n\t<meta name=\"twitter:data1\" content=\"1 dakika\" \/>\n<script type=\"application\/ld+json\" class=\"yoast-schema-graph\">{\"@context\":\"https:\/\/schema.org\",\"@graph\":[{\"@type\":\"WebSite\",\"@id\":\"https:\/\/troykaoto.com.tr\/#website\",\"url\":\"https:\/\/troykaoto.com.tr\/\",\"name\":\"Troyka Oto\",\"description\":\"Her Marka 2. El-S\u0131f\u0131r Ara\u00e7lar\",\"potentialAction\":[{\"@type\":\"SearchAction\",\"target\":{\"@type\":\"EntryPoint\",\"urlTemplate\":\"https:\/\/troykaoto.com.tr\/?s={search_term_string}\"},\"query-input\":\"required name=search_term_string\"}],\"inLanguage\":\"tr\"},{\"@type\":\"ImageObject\",\"@id\":\"https:\/\/troykaoto.com.tr\/index.php\/product\/troykadan-2025-ford-courier-1-0-ecoboost-titanium-otomatik\/#primaryimage\",\"inLanguage\":\"tr\",\"url\":\"https:\/\/troykaoto.com.tr\/wp-content\/uploads\/2026\/01\/49c84282-4d25-428d-baa1-4594f933877a.jpg\",\"contentUrl\":\"https:\/\/troykaoto.com.tr\/wp-content\/uploads\/2026\/01\/49c84282-4d25-428d-baa1-4594f933877a.jpg\",\"width\":2048,\"height\":1536},{\"@type\":\"WebPage\",\"@id\":\"https:\/\/troykaoto.com.tr\/index.php\/product\/troykadan-2025-ford-courier-1-0-ecoboost-titanium-otomatik\/#webpage\",\"url\":\"https:\/\/troykaoto.com.tr\/index.php\/product\/troykadan-2025-ford-courier-1-0-ecoboost-titanium-otomatik\/\",\"name\":\"TROYKA'DAN 2025 FORD COUR\u0130ER 1.0 ECOBOOST T\u0130TAN\u0130UM OTOMAT\u0130K - Troyka Oto\",\"isPartOf\":{\"@id\":\"https:\/\/troykaoto.com.tr\/#website\"},\"primaryImageOfPage\":{\"@id\":\"https:\/\/troykaoto.com.tr\/index.php\/product\/troykadan-2025-ford-courier-1-0-ecoboost-titanium-otomatik\/#primaryimage\"},\"datePublished\":\"2026-04-17T05:48:02+00:00\",\"dateModified\":\"2026-04-17T09:11:37+00:00\",\"breadcrumb\":{\"@id\":\"https:\/\/troykaoto.com.tr\/index.php\/product\/troykadan-2025-ford-courier-1-0-ecoboost-titanium-otomatik\/#breadcrumb\"},\"inLanguage\":\"tr\",\"potentialAction\":[{\"@type\":\"ReadAction\",\"target\":[\"https:\/\/troykaoto.com.tr\/index.php\/product\/troykadan-2025-ford-courier-1-0-ecoboost-titanium-otomatik\/\"]}]},{\"@type\":\"BreadcrumbList\",\"@id\":\"https:\/\/troykaoto.com.tr\/index.php\/product\/troykadan-2025-ford-courier-1-0-ecoboost-titanium-otomatik\/#breadcrumb\",\"itemListElement\":[{\"@type\":\"ListItem\",\"position\":1,\"name\":\"Ana sayfa\",\"item\":\"https:\/\/troykaoto.com.tr\/\"},{\"@type\":\"ListItem\",\"position\":2,\"name\":\"Ma\u011faza\",\"item\":\"https:\/\/troykaoto.com.tr\/index.php\/magaza\/\"},{\"@type\":\"ListItem\",\"position\":3,\"name\":\"TROYKA&#8217;DAN 2025 FORD COUR\u0130ER 1.0 ECOBOOST T\u0130TAN\u0130UM OTOMAT\u0130K\"}]}]}<\/script>\n<!-- \/ Yoast SEO plugin. -->","yoast_head_json":{"title":"TROYKA'DAN 2025 FORD COUR\u0130ER 1.0 ECOBOOST T\u0130TAN\u0130UM OTOMAT\u0130K - Troyka Oto","robots":{"index":"index","follow":"follow","max-snippet":"max-snippet:-1","max-image-preview":"max-image-preview:large","max-video-preview":"max-video-preview:-1"},"canonical":"https:\/\/troykaoto.com.tr\/index.php\/product\/troykadan-2025-ford-courier-1-0-ecoboost-titanium-otomatik\/","og_locale":"tr_TR","og_type":"article","og_title":"TROYKA'DAN 2025 FORD COUR\u0130ER 1.0 ECOBOOST T\u0130TAN\u0130UM OTOMAT\u0130K - Troyka Oto","og_description":"2025 FORD COUR\u0130ER 1.0 ECOBOOST T\u0130TAN\u0130UM OTOMAT\u0130K ___________________________________________ &#8216; EKSPERT\u0130Z B\u0130LG\u0130S\u0130 &#8216; &nbsp; DE\u011e\u0130\u015eEN: YOK BOYA: YOK TRAMER: YOK ___________________________________________ &#8216; DONANIM \u00d6ZELL\u0130KLER\u0130 &#8216; \u00a0 ANAHTARSIZ G\u0130R\u0130\u015e \u00c7IKI\u015e \u00a0 \u00a0 GER\u0130 G\u00d6R\u00dc\u015e KAMERASI &nbsp; \u00a0 \u00a0 \u00a0 \u00a0 \u00d6N VE ARKA PARK SENS\u00d6R\u00dc \u00a0 \u00a0 \u00a0 \u00c7ARPI\u015eMA \u00d6NLEY\u0130C\u0130 AS\u0130STAN \u00a0 \u00a0 \u00a0 K\u00d6R NOKTA AS\u0130STANI [&hellip;]","og_url":"https:\/\/troykaoto.com.tr\/index.php\/product\/troykadan-2025-ford-courier-1-0-ecoboost-titanium-otomatik\/","og_site_name":"Troyka Oto","article_modified_time":"2026-04-17T09:11:37+00:00","og_image":[{"width":2048,"height":1536,"url":"http:\/\/troykaoto.com.tr\/wp-content\/uploads\/2026\/01\/49c84282-4d25-428d-baa1-4594f933877a.jpg","type":"image\/jpeg"}],"twitter_card":"summary_large_image","twitter_misc":{"Tahmini okuma s\u00fcresi":"1 dakika"},"schema":{"@context":"https:\/\/schema.org","@graph":[{"@type":"WebSite","@id":"https:\/\/troykaoto.com.tr\/#website","url":"https:\/\/troykaoto.com.tr\/","name":"Troyka Oto","description":"Her Marka 2. El-S\u0131f\u0131r Ara\u00e7lar","potentialAction":[{"@type":"SearchAction","target":{"@type":"EntryPoint","urlTemplate":"https:\/\/troykaoto.com.tr\/?s={search_term_string}"},"query-input":"required name=search_term_string"}],"inLanguage":"tr"},{"@type":"ImageObject","@id":"https:\/\/troykaoto.com.tr\/index.php\/product\/troykadan-2025-ford-courier-1-0-ecoboost-titanium-otomatik\/#primaryimage","inLanguage":"tr","url":"https:\/\/troykaoto.com.tr\/wp-content\/uploads\/2026\/01\/49c84282-4d25-428d-baa1-4594f933877a.jpg","contentUrl":"https:\/\/troykaoto.com.tr\/wp-content\/uploads\/2026\/01\/49c84282-4d25-428d-baa1-4594f933877a.jpg","width":2048,"height":1536},{"@type":"WebPage","@id":"https:\/\/troykaoto.com.tr\/index.php\/product\/troykadan-2025-ford-courier-1-0-ecoboost-titanium-otomatik\/#webpage","url":"https:\/\/troykaoto.com.tr\/index.php\/product\/troykadan-2025-ford-courier-1-0-ecoboost-titanium-otomatik\/","name":"TROYKA'DAN 2025 FORD COUR\u0130ER 1.0 ECOBOOST T\u0130TAN\u0130UM OTOMAT\u0130K - Troyka Oto","isPartOf":{"@id":"https:\/\/troykaoto.com.tr\/#website"},"primaryImageOfPage":{"@id":"https:\/\/troykaoto.com.tr\/index.php\/product\/troykadan-2025-ford-courier-1-0-ecoboost-titanium-otomatik\/#primaryimage"},"datePublished":"2026-04-17T05:48:02+00:00","dateModified":"2026-04-17T09:11:37+00:00","breadcrumb":{"@id":"https:\/\/troykaoto.com.tr\/index.php\/product\/troykadan-2025-ford-courier-1-0-ecoboost-titanium-otomatik\/#breadcrumb"},"inLanguage":"tr","potentialAction":[{"@type":"ReadAction","target":["https:\/\/troykaoto.com.tr\/index.php\/product\/troykadan-2025-ford-courier-1-0-ecoboost-titanium-otomatik\/"]}]},{"@type":"BreadcrumbList","@id":"https:\/\/troykaoto.com.tr\/index.php\/product\/troykadan-2025-ford-courier-1-0-ecoboost-titanium-otomatik\/#breadcrumb","itemListElement":[{"@type":"ListItem","position":1,"name":"Ana sayfa","item":"https:\/\/troykaoto.com.tr\/"},{"@type":"ListItem","position":2,"name":"Ma\u011faza","item":"https:\/\/troykaoto.com.tr\/index.php\/magaza\/"},{"@type":"ListItem","position":3,"name":"TROYKA&#8217;DAN 2025 FORD COUR\u0130ER 1.0 ECOBOOST T\u0130TAN\u0130UM OTOMAT\u0130K"}]}]}},"_links":{"self":[{"href":"https:\/\/troykaoto.com.tr\/index.php\/wp-json\/wp\/v2\/product\/13408"}],"collection":[{"href":"https:\/\/troykaoto.com.tr\/index.php\/wp-json\/wp\/v2\/product"}],"about":[{"href":"https:\/\/troykaoto.com.tr\/index.php\/wp-json\/wp\/v2\/types\/product"}],"wp:featuredmedia":[{"embeddable":true,"href":"https:\/\/troykaoto.com.tr\/index.php\/wp-json\/wp\/v2\/media\/13415"}],"wp:attachment":[{"href":"https:\/\/troykaoto.com.tr\/index.php\/wp-json\/wp\/v2\/media?parent=13408"}],"wp:term":[{"taxonomy":"product_cat","embeddable":true,"href":"https:\/\/troykaoto.com.tr\/index.php\/wp-json\/wp\/v2\/product_cat?post=13408"},{"taxonomy":"product_tag","embeddable":true,"href":"https:\/\/troykaoto.com.tr\/index.php\/wp-json\/wp\/v2\/product_tag?post=13408"}],"curies":[{"name":"wp","href":"https:\/\/api.w.org\/{rel}","templated":true}]}}